s the remainder when 8872297 is divided by 56?
49
Calculate the remainder when 163374 is divided by 16302.
354
What is the remainder when 13471181 is divided by 1516?
5
What is the remainder when 41723 is divided by 1168?
843
Calculate the remainder when 9757782 is divided by 87123.
6
Calculate the remainder when 48072401 is divided by 116.
29
Calculate the remainder when 8780607 is divided by 52.
43
Calculate the remainder when 8742543 is divided by 314.
155
What is the remainder when 11358030 is divided by 41?
5
What is the remainder when 170087894 is divided by 85?
4
What is the remainder when 48828 is divided by 9763?
13
What is the remainder when 12213695 is divided by 149?
16
What is the remainder when 1603156 is divided by 6?
4
Calculate the remainder when 9790774 is divided by 257651.
36
What is the remainder when 179438420 is divided by 66?
62
Calculate the remainder when 53503556 is divided by 30.
26
Calculate the remainder when 1111521 is divided by 478.
171
Calculate the remainder when 61896 is divided by 2576.
72
Calculate the remainder when 398751 is divided by 26581.
36
What is the remainder when 407506 is divided by 22623?
292
Calculate the remainder when 19519 is divided by 18288.
1231
What is the remainder when 1174982 is divided by 90383?
3
What is the remainder when 73795097 is divided by 278?
275
Calculate the remainder when 581936884 is divided by 43.
39
Calculate the remainder when 183597 is divided by 91764.
69
What is the remainder when 146221487 is divided by 5474?
5473
What is the remainder when 1608548 is divided by 42?
32
What is the remainder when 13850171 is divided by 21?
20
Calculate the remainder when 94121 is divided by 465.
191
What is the remainder when 49121 is divided by 9805?
96
What is the remainder when 174259 is divided by 111?
100
What is the remainder when 51166 is divided by 85?
81
Calculate the remainder when 24457 is divided by 110.
37
Calculate the remainder when 31829102 is divided by 152.
150
Calculate the remainder when 25326 is divided by 12069.
1188
Calculate the remainder when 62293458 is divided by 6686.
6682
Calculate the remainder when 916709 is divided by 30.
29
Calculate the remainder when 188079 is divided by 26647.
1550
Calculate the remainder when 9010577 is divided by 429075.
2
Calculate the remainder when 56074316 is divided by 586.
562
What is the remainder when 6235625 is divided by 19?
15
What is the remainder when 9948 is divided by 4710?
528
Calculate the remainder when 129452 is divided by 64719.
14
Calculate the remainder when 16283625 is divided by 328.
65
What is the remainder when 65191473 is divided by 3444?
3441
Calculate the remainder when 25255 is divided by 23692.
1563
Calculate the remainder when 522014 is divided by 1117.
375
What is the remainder when 48389014 is divided by 24194501?
12
Calculate the remainder when 7122785 is divided by 326.
11
What is the remainder when 3881306 is divided by 79210?
16
Calculate the remainder when 963322 is divided by 137617.
3
What is the remainder when 9617955 is divided by 1481?
341
Calculate the remainder when 762501 is divided by 31618.
3669
Calculate the remainder when 1613014 is divided by 358.
224
What is the remainder when 97336 is divided by 2861?
62
Calculate the remainder when 274310 is divided by 274106.
204
What is the remainder when 127314 is divided by 173?
159
What is the remainder when 18902166 is divided by 33?
30
Calculate the remainder when 1029202 is divided by 553.
69
What is the remainder when 3693176 is divided by 1230936?
368
Calculate the remainder when 24150 is divided by 221.
61
What is the remainder when 1163327 is divided by 1538?
599
What is the remainder when 1783846 is divided by 22298?
6
Calculate the remainder when 2323500 is divided by 172.
124
What is the remainder when 1643031 is divided by 547608?
207
Calculate the remainder when 11559 is divided by 10167.
1392
What is the remainder when 3688775 is divided by 364?
363
What is the remainder when 4885774 is divided by 1079?
62
What is the remainder when 14978 is divided by 994?
68
What is the remainder when 467924 is divided by 12966?
1148
What is the remainder when 822496 is divided by 87?
85
What is the remainder when 58291004 is divided by 2077?
2076
What is the remainder when 5831449 is divided by 2133?
1960
Calculate the remainder when 1203949 is divided by 31676.
261
What is the remainder when 335812656 is divided by 102695?
6
What is the remainder when 3539618 is divided by 14215?
83
Calculate the remainder when 248248 is divided by 2991.
2986
What is the remainder when 25770432 is divided by 6442599?
36
Calculate the remainder when 269016 is divided by 29535.
3201
Calculate the remainder when 5484230 is divided by 20932.
46
Calculate the remainder when 334515 is divided by 12.
3
Calculate the remainder when 691382 is divided by 216.
182
What is the remainder when 537506 is divided by 251?
115
What is the remainder when 256248397 is divided by 57?
52
Calculate the remainder when 3229115 is divided by 1107.
1103
What is the remainder when 83780 is divided by 3262?
2230
Calculate the remainder when 1838057 is divided by 372.
5
What is the remainder when 9896299 is divided by 1273?
1270
Calculate the remainder when 64407692 is divided by 145.
142
What is the remainder when 1397151 is divided by 39?
15
What is the remainder when 413109 is divided by 2347?
37
What is the remainder when 1860001726 is divided by 2598?
2596
Calculate the remainder when 515728 is divided by 742.
38
What is the remainder when 281855393 is divided by 1237?
1232
Calculate the remainder when 51691456 is divided by 42.
40
What is the remainder when 3234184 is divided by 284?
276
What is the remainder when 217510 is divided by 130?
20
Calculate the remainder when 22959 is divided by 323.
26
Calculate the remainder when 169041 is divided by 15362.
59
What is the remainder when 848849 is divided by 6903?
6683
What is the remainder when 16559392 is divided by 48?
16
What is the remainder when 24839 is divided by 2822?
2263
What is the remainder when 3892509 is divided by 838?
837
What is the remainder when 7442529 is divided by 1488504?
9
Calculate the remainder when 524276 is divided by 497.
438
Calculate the remainder when 18181 is divided by 44.
9
Calculate the remainder when 385939 is divided by 658.
351
What is the remainder when 9863 is divided by 1466?
1067
What is the remainder when 2175814 is divided by 51805?
4
What is the remainder when 295356 is divided by 8204?
12
Calculate the remainder when 19297232 is divided by 79740.
152
What is the remainder when 61479807 is divided by 2646?
2643
Calculate the remainder when 134143821 is divided by 710.
681
What is the remainder when 18618 is divided by 4382?
1090
Calculate the remainder when 7068325 is divided by 557.
552
What is the remainder when 95628 is divided by 568?
204
What is the remainder when 107888 is divided by 205?
58
Calculate the remainder when 2570973 is divided by 9965.
3
What is the remainder when 946707 is divided by 213?
135
What is the remainder when 53968953 is divided by 37?
13
Calculate the remainder when 913463 is divided by 16.
7
What is the remainder when 524629 is divided by 174872?
13
Calculate the remainder when 107486 is divided by 2836.
2554
What is the remainder when 31393115 is divided by 1082?
1049
Calculate the remainder when 29153250 is divided by 84.
42
What is the remainder when 888148 is divided by 444045?
58
Calculate the remainder when 193019 is divided by 27563.
78
What is the remainder when 45647701 is divided by 717?
613
Calculate the remainder when 2543724 is divided by 458.
450
What is the remainder when 594747149 is divided by 429?
425
What is the remainder when 386278 is divided by 6874?
1334
Calculate the remainder when 78229202 is divided by 46704.
2
Calculate the remainder when 999104 is divided by 999054.
50
Calculate the remainder when 289708650 is divided by 5314.
5312
Calculate the remainder when 344958 is divided by 11884.
322
Calculate the remainder when 306381 is divided by 893.
82
Calculate the remainder when 27354165 is divided by 1629.
1626
Calculate the remainder when 14518521 is divided by 77.
17
Calculate the remainder when 3182591 is divided by 